late the highest common divisor of z and 14.
14
Suppose z + 5*s - 4 = 27, -4*z = -4*s - 28. Let d be (-12)/42 + 380/7. Let i = -32 + d. What is the highest common factor of i and z?
11
Let r be (9 - -1)/(-2 - -1). Let g be ((-176)/r)/(5/25). What is the highest common divisor of 8 and g?
8
Suppose 2*d + 33 = 5*d. Let v = -78 + 256. Suppose -v = -4*f - 2. What is the highest common divisor of d and f?
11
Let w be -2*12/18*273/(-4). Calculate the highest common factor of 13 and w.
13
Suppose 0 = 4*n - n - 48. Suppose 0 = -5*t - b + 18, -4*b + 4 = -t + 16. Let o = n + t. Calculate the greatest common factor of 10 and o.
10
Suppose 4*v = v + 78. Suppose 85 = 4*w + 33. What is the highest common factor of v and w?
13
Let r = -13 + 88. Calculate the greatest common factor of r and 50.
25
Suppose -2*l + 2*h = -2 - 8, 2*l - 4*h = 0. Suppose -t - 3 = 3. Let u = t + l. Calculate the highest common factor of u and 2.
2
Let x = -6 + 30. What is the greatest common divisor of x and 40?
8
Let n be (-1)/(-5) - (2936/(-20) + 0). Calculate the highest common factor of n and 21.
21
Suppose -6*v = -58 - 8. What is the highest common factor of 44 and v?
11
Suppose -5*j = -7*j + 170. What is the highest common divisor of j and 17?
17
Let i(t) = t**2 - 4*t - 3. Let j be i(-5). Calculate the greatest common factor of j and 14.
14
Let i = 10 + 16. Suppose -2*a + i = -10. Suppose 120 = o + 4*o - 3*d, o + 4*d - 47 = 0. What is the highest common divisor of o and a?
9
Let p = 308 - 134. Suppose 4*x + 33 - p = u, -4*x = 4*u - 136. Let l = 53 - x. What is the highest common factor of 3 and l?
3
Let w be (-1 - 2)*(-18)/3. What is the greatest common factor of w and 27?
9
Let x(v) = 4*v + 53. Let h be x(-11). Suppose 5*g - 396 = -4*q, -3*g = -q + 2*q - 99. Calculate the highest common factor of q and h.
9
Let s be 3/(0/3 - -1). Let u(m) = -m**3 + 4*m**2 + m + 2. Let i be u(s). Calculate the highest common factor of i and 35.
7
Suppose 27*f - 150 = 12*f. Calculate the greatest common divisor of f and 10.
10
Suppose 2*v + 4*c = 62, 2*v - 5*c + 67 = 4*v. What is the highest common factor of 14 and v?
7
Suppose -62 = m + m. Let g = 2 - m. Calculate the highest common factor of 11 and g.
11
Suppose -3*z - 2*m = z - 144, -5*m - 60 = -2*z. Let g = -2 - -7. Let t be ((-14)/4)/(g/(-10)). Calculate the greatest common factor of z and t.
7
Let k = 17 - -3. What is the highest common divisor of 20 and k?
20
Let v(c) = -c**3 - 5*c**2 - 4*c + 1. Let s be v(-5). What is the greatest common divisor of s and 63?
21
Let y(g) = -11*g**3 - 2*g - 1. Let l be y(-1). Let u be (-33)/(-3) - (-5 + 4). What is the highest common divisor of l and u?
12
Suppose -2*q + 241 = -w, 2*w - w = -5*q + 606. Suppose -6*j + j - c = -60, -3*j + 38 = c. Calculate the highest common divisor of j and q.
11
Let a = 29 - 12. Let m(u) = 184*u + 3. Let b be m(1). Calculate the greatest common divisor of b and a.
17
Let p(l) = -l**2 + 5*l - 2. Let v be p(4). Let m(i) = 19*i + 2. Let t be m(v). Let f = -26 + t. What is the greatest common divisor of 35 and f?
7
Let v = 1 - -1. Suppose 17 = -2*f - p + v*p, 4*p - 4 = 0. Let b be f/12 - (-29)/3. Calculate the greatest common factor of b and 36.
9
Let x = 13 - 28. Let p be (-12)/(-20)*x/(-1). Calculate the greatest common factor of p and 18.
9
Let y = -167 + 299. Suppose -2*c - y = -4*c. Suppose 4*r - 44 = 2*r + 4*l, -l + c = 5*r. What is the highest common factor of r and 7?
7
Let n be 0 + 7 + 21 + -25. What is the highest common factor of n and 3?
3
Let z(q) = -5*q + 5. Let u be z(-8). Calculate the greatest common factor of 9 and u.
9
Suppose 0 = 6*p + 18 - 480. Calculate the highest common factor of p and 11.
11
Suppose 0 = 2*t + 3*k - 54, -2*k + 48 = 2*t - 8. Suppose -30 = -5*f + 345. Calculate the highest common factor of f and t.
15
Suppose 163 = -r + 443. What is the greatest common divisor of 40 and r?
40
Suppose -5*g + 91 = 2*g. What is the highest common divisor of 26 and g?
13
Suppose -7*h = -3*h - 68. What is the highest common divisor of 34 and h?
17
Let n be (-10)/((0 + -2)/12). Calculate the greatest common divisor of n and 40.
20
Let v(x) = x**3 - x**2 + x + 1. Let g = 2 + 0. Let m be 12/(-18) + g/3. Let s be v(m). What is the highest common factor of s and 2?
1
Suppose 93 - 5 = 2*u. Calculate the greatest common factor of u and 11.
11
Let l(t) = -8*t - 6. Let m be l(-2). Calculate the greatest common factor of 90 and m.
10
Let c(j) = -5*j - 16. Let h be c(-5). What is the highest common factor of 9 and h?
9
Suppose -110 = -4*s + 242. Calculate the greatest common factor of s and 11.
11
Let m(v) = 2*v + 14. Let n be m(0). What is the highest common divisor of n and 56?
14
Let f(v) = v + 2*v**2 + 1 - 1 + 17*v**2. Let m be f(-1). Let d(l) = l**2 - 3*l + 2. Let j be d(5). What is the highest common divisor of j and m?
6
Let w be (-14)/(-3)*(1 + 14). Calculate the greatest common factor of w and 175.
35
Suppose 4*q + 2 = 5*k, q - 6 = -4*k + 2*k. Suppose -7 = z - 4*l, -z - 3*l = q*l - 38. Calculate the highest common factor of 143 and z.
13
Suppose -2*b + 21 = -11. Suppose 2*n - b = -4*w, 2*w = 2*n + 5*w - 12. Suppose 3*s + 25 - 157 = n. What is the greatest common divisor of 22 and s?
22
Let z be (0*1/(-3))/(-2). Let t be (-132 - 0)/(-3) + z. Let m = t - -12. Calculate the highest common divisor of m and 7.
7
Suppose -3*a = 0, -4*a + 0*a - 110 = -v. Suppose 4*y - 5*y = -1. Let c = y - -9. Calculate the greatest common factor of v and c.
10
Suppose 0*z = -b + 5*z - 26, 3*b + 132 = -3*z. Suppose -26 = -v + 55. Let w = v + b. Calculate the highest common divisor of 16 and w.
8
Suppose 3 = 4*o - 3*o. Suppose 0 = d + 2*w + o*w + 23, -5*d + w + 15 = 0. Suppose 0 = d*f - 25 - 1. What is the highest common divisor of 13 and f?
13
Let k = 5 - 3. Suppose 0 = 5*l - k*l. Suppose l*t - 24 = -3*t + 3*c, 0 = -3*t + 2*c + 22. What is the greatest common divisor of 48 and t?
6
Suppose 208 - 64 = 2*b. What is the highest common divisor of 18 and b?
18
Let k(b) = b**2 - 8*b + 9. Let y be k(8). Calculate the highest common divisor of 27 and y.
9
Let z = -22 + 88. Let q be 174/8 + (-2)/(-8). Calculate the highest common divisor of z and q.
22
Let v(f) = -2*f - 11. Let i be v(-14). Calculate the greatest common divisor of i and 34.
17
Let l(f) = 5*f - 14. Let z be l(7). What is the greatest common divisor of 84 and z?
21
Let j(i) = 3*i**2 + 2*i - 1. Suppose -3*l - 6 = 0, 4*d - 2*l = -d + 9. Let p be j(d). Calculate the highest common divisor of p and 36.
4
Let o be 2/(4/(-6)*-1). Suppose 3*q = -2*l + 53, o*l = -l + 2*q + 82. Calculate the greatest common divisor of l and 66.
22
Suppose 3*p = 4*p, 2*p - 230 = -5*g. Calculate the greatest common divisor of g and 368.
46
Let j(z) = -z**2 - 4*z + 5. Let t be j(-4). What is the greatest common divisor of 5 and t?
5
Let f be (0 + 28)*(-96)/(-28). Let j be -1 - -1 - (-30)/2. Let p = -3 + j. Calculate the highest common divisor of p and f.
12
Let f(b) = -b**2 + 21*b - 15. Let t be f(16). What is the highest common factor of 13 and t?
13
Let i be (-3 + 2)/(3/(-6)). Let t = i + 4. What is the greatest common factor of t and 24?
6
Let a = -3 + 5. Suppose 0 = a*y - 16 - 16. Suppose 16 = j - 3*d, -4*d + 11 = -2*j + 43. Calculate the greatest common divisor of j and y.
16
Let u(o) = -o**2 + 9*o - 5. Suppose 5*y = 37 - 7. Let a be u(y). What is the greatest common factor of a and 117?
13
Let u be (-79)/(-9) - 2/(-9). Let m = 4 - 10. Let b be 3*2*(-27)/m. Calculate the greatest common divisor of b and u.
9
Suppose -3*f - 5*n + 101 = -0*n, -20 = 4*n. Calculate the greatest common factor of 28 and f.
14
Let b(u) = 231*u - 7. Let s be b(1). What is the greatest common factor of s and 32?
32
Let i = -199 - -375. What is the greatest common factor of i and 11?
11
Let i be (3/4)/(5/120). Suppose 0 = 3*j + 5*a - 22, j - 5*a = -6. Let g = j + -2. Calculate the greatest common factor of i and g.
2
Suppose -5*h - 4*t + 36 = 0, 2*h - 23 + 7 = -2*t. Suppose 0 = h*m - 217 + 41. What is the highest common divisor of 110 and m?
22
Let i be 14*((-10)/(-5) - -2). Calculate the highest common factor of i and 84.
28
Let s(r) = -r**2 + r + 16. Let l be s(0). Let p = 5 + -3. What is the greatest common factor of l and p?
2
Suppose 5*p - 20 - 4 = -3*q, 5*q - 2*p - 9 